False
Is 3203774 a multiple of 3?
False
Is 23 a factor of 17922106?
True
Is 2168699 a multiple of 190?
False
Is 32312 a multiple of 20?
False
Does 15 divide 4759?
False
Is 21 a factor of 166656?
True
Is 1904037 a multiple of 5?
False
Does 11 divide 2132000?
False
Is 93448 a multiple of 3?
False
Is 24 a factor of 552130?
False
Is 870914 a multiple of 285?
False
Is 167 a factor of 1879251?
True
Is 1801566 a multiple of 234?
True
Is 77168 a multiple of 91?
True
Is 323392 a multiple of 3?
False
Is 19 a factor of 1114478?
False
Does 13 divide 435760?
True
Does 2130 divide 1013880?
True
Does 204 divide 793356?
True
Is 1332278 a multiple of 1309?
False
Does 67 divide 6329969?
False
Does 67 divide 326823?
False
Does 15 divide 31188?
False
Does 7 divide 20903?
False
Does 132 divide 117452?
False
Does 84 divide 41807?
False
Does 9 divide 342709?
False
Is 1181950 a multiple of 61?
False
Is 984783 a multiple of 8?
False
Does 56 divide 299254?
False
Is 13850 a multiple of 16?
False
Is 15120 even?
True
Does 5 divide 26145?
True
Is 54758 a multiple of 10?
False
Does 7 divide 874441?
False
Is 475598 a multiple of 618?
False
Is 208 a factor of 11651?
False
Does 2 divide 422806?
True
Is 3429751 a multiple of 3?
False
Is 134 a factor of 81601?
False
Is 199566 a multiple of 3?
True
Is 4797220 a multiple of 655?
True
Is 43943 a multiple of 171?
False
Is 12 a factor of 1896155?
False
Is 11 a factor of 81818?
True
Does 18 divide 469098?
True
Does 11 divide 2148762?
True
Does 30 divide 8020541?
False
Is 50949 a multiple of 28?
False
Does 13 divide 467197?
False
Does 85 divide 147730?
True
Is 28 a factor of 1058?
False
Does 8 divide 85072?
True
Does 292 divide 290770?
False
Does 64 divide 547717?
False
Is 3584340 a multiple of 30?
True
Is 57019 a multiple of 5?
False
Is 131781 a multiple of 26?
False
Is 39 a factor of 136205?
False
Does 144 divide 28224?
True
Is 354398 a multiple of 27?
False
Does 56 divide 15985816?
True
Is 71786 a multiple of 42?
False
Is 30 a factor of 10123020?
True
Is 2822 a multiple of 17?
True
Is 1290417 a multiple of 59?
False
Is 470 a factor of 5788520?
True
Is 80662 a multiple of 77?
False
Does 17 divide 1594022?
True
Is 219 a factor of 1561689?
True
Does 2 divide 650475?
False
Is 5156800 a multiple of 44?
True
Does 9 divide 48324?
False
Is 889 a factor of 2065361?
False
Is 149660 a multiple of 10?
True
Is 86800 a multiple of 70?
True
Does 45 divide 132104?
False
Is 12 a factor of 11820?
True
Does 221 divide 1376167?
True
Does 352 divide 4439072?
True
Does 395 divide 87496?
False
Is 33 a factor of 2191728?
True
Does 90 divide 1591037?
False
Is 25585 a multiple of 1175?
False
Is 32 a factor of 33654?
False
Is 132 a factor of 100372?
False
Is 24 a factor of 573287?
False
Is 135 a factor of 537570?
True
Is 188293 a multiple of 37?
True
Is 91 a factor of 157703?
True
Does 196 divide 703969?
False
Does 239 divide 20076?
True
Is 5184 a multiple of 4?
True
Is 16 a factor of 93632?
True
Is 27 a factor of 13311?
True
Does 52 divide 272275?
False
Is 518 a factor of 463338?
False
Is 704 a factor of 315392?
True
Is 497230 a multiple of 42?
False
Does 362 divide 418834?
True
Is 25459 a multiple of 40?
False
Is 18 a factor of 236016?
True
Is 6 a factor of 25311?
False
Does 798 divide 7742800?
False
Does 11 divide 57688?
False
Is 15 a factor of 956571?
False
Is 11 a factor of 541530?
True
Is 56 a factor of 899837?
False
Is 45 a factor of 13614942?
False
Is 24 a factor of 141370?
False
Is 94 a factor of 198353?
False
Is 1735290 a multiple of 11?
False
Is 1273935 a multiple of 417?
True
Is 4 a factor of 73468?
True
Is 41 a factor of 11551416?
False
Is 10 a factor of 72107?
False
Is 48 a factor of 154213?
False
Is 34 a factor of 3398810?
True
Does 116 divide 17276112?
True
Does 253 divide 85846?
False
Does 4 divide 3173262?
False
Does 227 divide 131969?
False
Does 13 divide 8515?
True
Is 182427 a multiple of 7?
True
Is 6 a factor of 362442?
True
Does 62 divide 156357?
False
Is 354 a factor of 101188?
False
Does 3 divide 311508?
True
Does 17 divide 1576842?
False
Does 342 divide 1399833?
False
Does 44 divide 3742156?
True
Is 43 a factor of 52610?
False
Is 15 a factor of 146700?
True
Does 539 divide 1407329?
True
Is 40 a factor of 222591?
False
Does 182 divide 10357438?
True
Is 830 a factor of 743116?
False
Is 571052 a multiple of 367?
True
Does 96 divide 645494?
False
Is 78 a factor of 24004?
False
Does 28 divide 6850116?
True
Is 558321 a multiple of 60?
False
Is 3 a factor of 35542?
False
Does 407 divide 9472111?
True
Is 16528060 a multiple of 126?
False
Is 484884 a multiple of 18?
True
Is 2650966 a multiple of 4?
False
Is 21 a factor of 5506551?
False
Is 9 a factor of 7193284?
False
Does 14 divide 124731?
False
Does 19 divide 89780?
False
Does 5 divide 62390?
True
Does 117 divide 84825?
True
Does 44 divide 3405292?
True
Is 354 a factor of 245322?
True
Does 231 divide 1133748?
True
Does 385 divide 1537023?
False
Is 61 a factor of 89304?
True
Does 378 divide 60344?
False
Is 165155 a multiple of 493?
True
Is 282 a factor of 22813?
False
Is 3406057 a multiple of 33?
False
Is 1199468 a multiple of 170?
False
Is 1798575 a multiple of 128?
False
Is 373 a factor of 2012275?
False
Does 6 divide 1531422?
True
Is 352 a factor of 1462560?
True
Is 334500 a multiple of 100?
True
Is 154 a factor of 103334?
True
Is 50 a factor of 274100?
True
Is 14 a factor of 3572310?
True
Is 636537 a multiple of 3?
True
Does 14 divide 2424870?
True
Is 3751286 a multiple of 138?
False
Is 84 a factor of 3091868?
False
Is 14 a factor of 359744?
True
Is 326047 a multiple of 4?
False
Does 202 divide 380144?
False
Is 2042867 a multiple of 137?
False
Is 59 a factor of 598721?
False
Is 2915327 a multiple of 4?
False
Is 46 a factor of 102994?
True
Is 175 a factor of 1000650?
True
Is 2125410 a multiple of 1015?
True
Does 44 divide 86812?
True
Is 157 a factor of 389517?
True
Is 158 a factor of 9388992?
True
Is 190 a factor of 647140?
True
Does 62 divide 4196160?
True
Is 77 a factor of 9965664?
False
Does 1785 divide 22285725?
True
Is 191 a factor of 104409?
False
Is 55080 a multiple of 34?
True
Is 33570 even?
True
Is 30962 a multiple of 113?
True
Is 212 a factor of 53672?
False
Is 975298 a multiple of 16?
False
Is 2027592 a multiple of 486?
True
Is 15 a factor of 11461875?
True
Is 523419 a multiple of 368?
False
Does 158 divide 242688?
True
Is 10 a factor of 504059?
False
Does 38 divide 31125306?
True
Does 351 divide 6399783?
True
Is 435 a factor of 44959?
False
Is 76 a factor of 5121032?
True
Does 8 divide 12258560?
True
Is 855986 a multiple of 162?
False
Is 111 a factor of 655566?
True
Is 16 a factor of 28464?
True
Does 47 divide 19740?
True
Is 21447 a multiple of 41?
False
Does 255 divide 629085?
True
Is 844947 a multiple of 10?
False
Does 480 divide 2636160?
True
Is 8 a factor of 943575?
False
Is 205041 a multiple of 28?
False
Does 308 divide 1688456?
True
Is 122 a factor of 207965?
False
Does 9 divide 402623?
False
Is 310606 even?
True
Does 1175 divide 2221925?
True
Does 24 divide 178698?
False
Does 35 divide 212886?
False
Is 2099412 a multiple of 9?
True
Does 8 divide 3181603?
False
Is 4983388 a multiple of 281?
False
Is 205344 a multiple of 93?
True
Does 5 divide 215894?
False
Does 305 divide 144755?
False
Is 2 a factor of 35578?
True
Does 19 divide 5480931?
False
Is 2030060 a multiple of 276?
False
Is 27 a factor of 2053016?
False
Is 701199 a multiple of 4?
False
Is 26 a factor of 317617?
False
Is 12 a factor of 2221147?
False
Is 145329 a multiple of 86?
False
Is 935112 a multiple of 282?
True
Does 35 divide 2060205?
True
Is 506443 a multiple of 71?
True
Does 213 divide 1242855?
True
Is 127 a factor of 43936?
False
Is 523110 a multiple of 94?
True
Does 4 divide 5979?
False
Is 254398 a multiple of 138?
False
Is 397062 a multiple of 171?
True
Does 43 divide 19883360?
False
Is 32435 a multiple of 5?
True
Is 359 a factor of 1120576?
False
Is 7 a factor of 845522?
False
Is 491 a factor of 721526?
False
Is 6435308 a multiple of 253?
True
Is 119601 a multiple of 137?
True
Is 53 a factor of 11501?
True
Is 10 a factor of 33250?
True
Is 481449 a multiple of 200?
False
Is 1865670 a multiple of 76?
False
Does 22 divide 288706?
True
Does 11 divide 14899512?
False
Does 14 divide 612220?
True
Does 180